t is the value of 5 - (-3 + -3 + 13)?
-2
Calculate 14 - (-2 - -2) - 3.
11
What is the value of 6 - (2 - -3 - -2)?
-1
What is the value of -7 + (2 - -22) + -11?
6
Evaluate 20 - (-4 - -13) - 0.
11
-2 + 1 + 0 - (-8 + 12)
-5
Calculate 2 + -12 + 19 + -15 + 2.
-4
Evaluate 2 + -2 + 4 - (-3 - -8).
-1
What is -1 - 2 - (0 - 8)?
5
What is the value of -2 + -2 + 0 + (-7 - -6)?
-5
Calculate 1 + -13 + 11 + -6.
-7
Calculate (5 - -4) + -3 + -2.
4
(9 - 14) + -1 - 5
-11
What is the value of 12 + -12 + -8 + 10?
2
What is the value of (0 - -2) + -5 + 0?
-3
What is the value of 6 + (2 - 15 - -12)?
5
3 + (-6 + -9 - -2)
-10
What is (7 - 1) + -6 + 10 + 0?
10
Evaluate 3 - 7 - -5 - (1 - 2).
2
What is the value of -1 - (2 + 0 + (5 - 7))?
-1
Evaluate -18 + 20 - (1 + 5 + -1).
-3
Evaluate -4 - (-1 + -7 + 6).
-2
Calculate (5 - 3) + (4 - 2 - 2).
2
What is the value of 1 - 4 - (-1 + -1)?
-1
-4 - ((1 - 1) + (6 - 5))
-5
What is (-25 + 21 - (2 + -1)) + 12?
7
Evaluate -32 + 29 - (-4 + 2).
-1
What is -1 + (2 - (3 - (2 + 2)))?
2
What is -2 - (5 - (6 + -3))?
-4
What is the value of -14 + -10 + (-10 - -29)?
-5
-5 + -3 + 2 - (-5 + 2)
-3
What is the value of (1 - 7 - -7) + -1?
0
What is -9 - (-5 - (7 - 14 - -7))?
-4
Calculate 4 + (-2 + 6 - 8) + 4.
4
5 - (-2 - (-2 + 0))
5
What is the value of -2 - (7 + -13 + (-1 - -7))?
-2
Evaluate 3 - (1 + (-7 - -5)).
4
What is 8 - (-4 - -7) - 9?
-4
Calculate 11 + -8 + -15 + (2 - -2).
-8
0 - 6 - -2 - (-1 + 2)
-5
What is -2 + -1 + 0 + 10 + -5?
2
What is -5 - (5 + -15) - 5?
0
Calculate 0 - ((-5 - 0) + 0).
5
-5 - -8 - (4 + 2)
-3
15 + -15 + 0 + -1
-1
8 + 2 - 12 - -13
11
Calculate (-23 - -25) + 0 + -8.
-6
Evaluate -7 - (2 + 0 - 6).
-3
Calculate 4 + -3 + (-4 - (3 - 5)).
-1
Calculate (-5 - (0 + 7 + -9)) + 6.
3
What is -4 + 3 - (0 - -1)?
-2
What is the value of -1 + 12 + -7 + 0?
4
What is the value of 0 + -1 - (-2 - (2 - 4))?
-1
Calculate -2 - (-8 - (-3 - 1)) - 7.
-5
Calculate -2 + 5 + -2 + 4.
5
Evaluate (-4 - 2) + -12 + 20.
2
What is the value of -3 + (-4 - -16) + -7?
2
What is -4 + -1 + -1 + 9?
3
What is the value of (-1 - 0) + (3 - (-3 + 9))?
-4
Evaluate (3 - 6) + 1 + 7.
5
Calculate -8 + 6 + (3 - 2).
-1
-2 + 0 - (-2 - -2 - 0)
-2
Evaluate (9 - 0) + 28 + -41.
-4
Evaluate -6 + (4 - 1) - -1.
-2
Calculate (7 - 2) + (13 - 12).
6
Evaluate 12 + 16 + -14 + 2 + -7.
9
Evaluate -4 + 10 + 1 + 7 + -12.
2
Evaluate 2 + -3 + 3 - 4.
-2
Calculate -1 + 5 - (-5 - (-1 + -12)).
-4
What is the value of 3 - (-4 - -5) - 1?
1
What is the value of -6 + (1 - (0 - (-5 - 0)))?
-10
Evaluate -1 + 4 + (1 - 2).
2
2 - ((-3 - -3) + 7)
-5
-9 + (5 - (4 - 3)) + 2
-3
What is 1 + 5 + -3 + -3?
0
Calculate 6 - 10 - ((2 - 2) + 1).
-5
What is 28 + -24 - (4 - 1)?
1
Calculate -4 + 4 + -3 + 6.
3
What is the value of (-4 - 1 - 2) + 3?
-4
What is -12 + (26 - 8) - 1?
5
Evaluate 2 + -2 + -9 + 9.
0
What is the value of 2 + -2 - (-49 - -51)?
-2
Calculate -4 - 4 - (9 + -8 - 6).
-3
What is -2 + 1 + (1 - 2)?
-2
2 - (-1 - (-7 - -3)) - 2
-3
(3 - 1) + (5 + -7 - -4)
4
-6 - (2 - 2) - (-6 + 3)
-3
What is the value of (7 - 5 - -2 - -3) + -2?
5
What is (-14 - -15) + -2 + -4 + 1?
-4
What is the value of -11 + (13 - (-7 - -14))?
-5
(2 - (7 + -13)) + -2 + -14
-8
Evaluate 6 - (-6 - (-12 + 7)).
7
3 + (13 - (10 + -7) - 6)
7
What is (5 - 8) + (-1 - -3) - 4?
-5
What is 1 + 9 + -4 + -12?
-6
What is 8 - (3 - (-5 + 3) - 0)?
3
5 + (3 - 7 - -2)
3
2 + -3 + 8 - 10
-3
7 + (-12 - -14) + 2 + -4
7
Calculate -2 - 0 - (13 - (-10 - -19)).
-6
Evaluate 13 + -7 + 9 + -6.
9
What is the value of -12 + 5 + -10 - (-7 + -1)?
-9
Evaluate 7 + (3 - (-9 + 11)).
8
Calculate 3 - ((-14 - -7) + 7).
3
What is the value of (7 - (8 - 6)) + -5?
0
-4 + (-3 - (11 - 11))
-7
-2 + (-2 - 1) - -10
5
8 - (-2 + 6 - 1)
5
What is (7 + -3 - 10) + 2?
-4
Evaluate -8 + -4 + 2 + 8.
-2
What is 6 + -10 + 4 + -2?
-2
What is the value of 3 + -3 + -3 + -11 + 9?
-5
3 - (7 + (-2 - -2 - -2))
-6
Calculate 0 - (6 + 1 - 5).
-2
What is (3 - 2) + -14 + 13?
0
Calculate (-15 - -20) + (-1 - 1 - 0).
3
Calculate 8 + (-2 - 6 - (22 - 29)).
7
Evaluate 11 + (-14 + -2 - -8).
3
What is (-4 - (2 - 10)) + -1?
3
What is the value of (-4 - -13) + -1 + -4?
4
2 - (7 - (6 + 0 + -3))
-2
What is the value of 0 + -3 - -1 - (-8 - -12)?
-6
-3 + 7 - (3 + -1 + 8)
-6
Calculate -5 - ((0 - 4) + -1 + 2).
-2
Evaluate 9 + -2 + (5 - 5).
7
Evaluate -42 + 29 + (2 - -1).
-10
(2 - 0) + (3 - 4 - 3)
-2
What is (-1 + -4 - -4 - -5) + -3?
1
Calculate -3 + 6 - (-25 + 34).
-6
What is the value of (-11 - (-10 + 5)) + 10?
4
-1 + 15 - ((-31 - -49) + -11)
7
What is the value of -1 + (2 - 1) + (0 - -1)?
1
Calculate 6 + -20 + 18 - (2 - 4).
6
What is 0 + -10 + 12 + -7?
-5
(7 - 0) + 98 + -111
-6
Calculate -17 - -5 - (-20 - -16).
-8
Evaluate (3 - 2) + (1 - 9).
-7
What is the value of 2 + (2 - (-2 - -6))?
0
3 + 3 - 4 - 3
-1
What is 5 + -3 + (-1 - 6) + 4?
-1
Calculate 0 + 6 + 9 + -20.
-5
6 + 7 + -13 + -3
-3
4 + (3 + -8 - 0)
-1
What is the value of 13 + -2 + -3 - 3?
5
0 - (1 + -8 + 2 - 0)
5
Calculate -5 + 11 + -19 + 17.
4
(0 - -7) + 69 + -69
7
Evaluate -7 + (-1 + 11 + -2 - 5).
-4
Calculate 0 - (-5 - -4 - 3 - -4).
0
Calculate 0 + 1 + -21 + 24.
4
Calculate -1 - 4 - (-6 + 0 + 0).
1
-11 + 17 + (-6 - -10)
10
-3 - (-5 - 0 - -7)
-5
What is 3 + -9 - (-40 - -30)?
4
What is the value of -17 + 6 - -9 - 2?
-4
(4 - (0 + (2 - 1))) + -3
0
Evaluate -2 - 1 - (-2 + (-4 - -1)).
2
What is 5 - (-14 - (-4 - 15))?
0
Evaluate 3 - (6 - -1 - (60 + -48)).
8
Calculate -10 + (14 - -1) - (-2 - 0).
7
Evaluate 2 + (3 - 8) - (3 - 2).
-4
What is -7 + (-9 + 18 - 6)?
-4
What is the value of -2 - (5 - (-1 - -3))?
-5
What is the value of 6 + -2 - (-8 + 8)?
4
11 + (-11 - -6) - 3
3
(-8 - 2 - -5) + 7
2
Evaluate -8 + 2 + 2 - (-8 - -2).
2
Calculate (6 - 6) + (1 - 1).
0
What is the value of -5 + 8 + -9 + 4?
-2
Calculate -7 + -2 + 0 - -4.
-5
What is 2 + (-2 - 7) + 14?
7
What is the value of (-9 - -21) + 0 + -19?
-7
What is 4 - (1 - -10) - (2 - 7)?
-2
Evaluate 7 + -6 - (3 + -1 + 2).
-3
Calculate (-1 - -5) + (10 - 6 - -2).
10
14 + -5 + 3 + 0 + -5
7
Evaluate (1 - (4 + -7)) + (-2 - -3).
5
Evaluate 3 + 0 + -9 + 9 + -8.
-5
What is 4 + -4 + (5 - 11) + 11?
5
Evaluate 8 - 2 - (-1 + 0).
7
Evaluate 22 + -19 + (-1 - (-3 + 2)).
3
Evaluate -1 + -7 - (-1 + 3 + -3).
-7
Calculate 1 + (-4 - (4 - 11)).
4
Evaluate 26 - 30 - (-2 + -1).
-1
What is -16 - -7 - (-4 - 0)?
-5
What is the value of 1 - (2 + -1) - (-16 + 14)?
2
Calculate 2 + (6 - 8) + -3 - -3.
0
What is the value of -11 + (3 - 1) - (57 + -60)?
-6
Evaluate (5 - 9) + -8 + 4 + 2.
-6
What is 8 + (3 - 11 - -6) - 10?
-4
0 - -19 - 21 - (-1 - 4)
3
1 + -1 - (38 - 32)
-6
-1 - -7 - (0 - (-9 + 4))
1
(1 - (4 + -4)) + -2
-1
What is -5 - (-12 - (-9 + 3))?
1
What is the value of 195 + -190 - (2 + -2 + 6)?
-1
9 + (-3 - 10) + 0 + 5
1
2 - 10 - (-3 - (6 - 3))
-2
What is -2 + 3 + (-6 - -8) - -2?
5
What is the value of 0 + 5 + -2 - (-2 - -6)?
-1
11 - 13 - (-1 + -5)
4
Calculate (3 - (9 + -5)) + -3.
-4
-5 + -4 + 7 + -2
-4
What is 8 - 12 - (-3 + 1)?
-2
What is the value of -3 - (4 + 1 + 8 + -14)?
-2
What is -233 + 224 + (2 - (2 - 5))?
-4
What is (3 - -1) + -4 + -10 + 3?
-7
Evaluate 1 - (-3 - -4) - -7.
7
What is the value of 3 - 1 - (3 + -3)?
2
What is the value of (2 + -4 - 1) + -2?
-5
Calculate 7 + (12 - 6 - 11).
2
What is (6 - (14 + -7)) + 5?
4
(0 - 7) + (-4 - (-6 + -1))
-4
-3 + -7 + 1 + 12
3
What is the value of 0 + -2 - (-9 + -6 + 8)?
5
-12 + (4 - 0) + 3
-5
(0 - -1 - -4) + -3
2
(12 - -1 - 4) + (-1 - 3)
5
48 - 46 - (3 + 1)
-2
What is (-7 - -10) + (-3 - -1)?
1
Evaluate 5 + -1 + (6 - 12).
-2
Evaluate 2 - (-3 - -2 - (18 - 18)).
3
What is the value of 4 - (-1 + 4) - (5 - 5)?
1
-4 + -2 - (-5 - -1)
-2
What is the value of -4 - ((-7 - 2) + 12)?
-7
What is the value of -151 + 153 + (0 + 1 - 7)?
-4
1 + 4 + (-14 - -7)
-2
What is the value of 3 + -8 - (1 - 8)?
2
What is (4 - -3 - 15) + 0?
-8
Calculate 10 - (2 - 2 - -5).
5
What is the value of 1 + -2 + (18 - 12)?
5
-2 + 3 + -3 + -2 + 2
-2
Evaluate 1 + -4 + 9 + -9 + 5.
2
Calculate -2 + -2 - (-5 + 1 + 0).
0
What is 7 + (4 - -1 - 5)?
7
Evaluate 0 + (-4 - 3) + (2 - 0).
-5
What is the value of (-8 - (-4 - (-4 + 4))) + 5?
1
Calculate (91 - 86) + (-2 - -6) + -1.
8
Evaluate -8 + (-8 - -2 - -6).
-8
-5 - (0 + -9 + 6 + -1)
-1
6 - (-8 - (-5 - 12))
-3
What is the value of -2 + (-15 + 8 - -13)?
4
0 + -1 + -2 + -18 + 19
-2
Calculate 6 - (0 - -2)